visor of 32 and l?
32
Let b = -3159 + 3219. Calculate the highest common factor of 564 and b.
12
Suppose -133*z - 3276 = -142*z. What is the highest common factor of z and 17836?
364
Suppose 5 + 3 = 4*c. Suppose -c = -3*b + 40. Let y = 18951 - 18937. What is the highest common divisor of y and b?
14
Let i(d) = -6*d + 40. Let m be i(6). Suppose q = 2*q + 3*y - 13, 0 = -m*q + 3*y + 22. Calculate the greatest common factor of 63 and q.
7
Let r be ((-2)/3)/((-6)/(-423) + 0). Let d = -45 - r. Suppose 47 = 3*c + 5*o, -5*c + 3*o = -d*c - 39. Calculate the highest common divisor of c and 28.
14
Let n = 7642 - 7346. Let h(g) = -8*g. Let y be h(-1). Calculate the greatest common divisor of y and n.
8
Let m be (-3354)/(-18)*(-3 + 0). Let s = m + 583. Calculate the greatest common divisor of 168 and s.
24
Suppose -5*i - 5 = 0, -922*h + 927*h = -4*i + 1976. Let l be (4 - 3)*1 + 71. Calculate the highest common divisor of l and h.
36
Suppose -31*t + 252 = -35*t. Let h = t - -273. What is the highest common factor of 126 and h?
42
Suppose 5*i = 2*y + 513, 39*i + 2*y = 37*i + 194. Calculate the highest common divisor of i and 10201.
101
Let n(j) = j**3 + j**2 + 42. Let f be n(0). Let p(o) = -128*o + 668. Let q be p(5). Calculate the highest common factor of q and f.
14
Let k(i) = 95*i**2 - 1707*i - 32. Let d be k(18). Calculate the highest common divisor of d and 26994.
22
Suppose 0 = -12*j + 2498 + 526. Suppose -62*q + 68*q - j = 0. What is the greatest common factor of q and 12?
6
Let c(u) = -1376*u - 564. Let w be c(-4). Calculate the highest common divisor of 285 and w.
95
Let a(o) = o**3 - 11*o**2 + 10. Let z be a(11). Suppose z*n = 74 + 16. Suppose -6*g = -n*g + 204. What is the greatest common factor of 17 and g?
17
Suppose -3*p - 5*b - 5 = 0, 3*b - 15 = 2*p - 37. Suppose 2*w = -4*a + 86, 45 = 2*a - 2*w + p*w. Let d = 25 + 3. What is the greatest common factor of a and d?
7
Let l = 9 - -14. Let o = l - 18. Suppose 0 = -2*b - o*w + 92 + 24, -2*b + 2*w + 88 = 0. Calculate the greatest common factor of 12 and b.
12
Let x be ((-108)/15)/((-2)/5). Let b = 212 - 210. Suppose -3*f + 4*s = -54, -70 = -4*f - s + b. What is the greatest common divisor of f and x?
18
Suppose 8*b - 87 = 9. Calculate the greatest common divisor of 4308 and b.
12
Let r(l) = 245*l**2 - 9*l - 48. Let t be r(-3). What is the greatest common factor of t and 672?
168
Let v be ((-28)/6)/(8/(-12)). Let r = -128 - -131. Suppose 0 = -3*t + r*o + 21, 0 = -2*t + v*t + 2*o - 70. Calculate the greatest common divisor of t and 30.
6
Let t be (4/(-8))/((-2)/308). Calculate the greatest common divisor of t and 805.
7
Suppose -l + 32 = -47. Let r(d) = 1411*d**2 + 702*d + 2. Let i be r(-1). Calculate the highest common divisor of i and l.
79
Let s be (-3)/(54/57 - 1) - -1. Suppose -10*a - s = -248. What is the highest common divisor of a and 361?
19
Let h be ((-1519)/(-93))/((-200)/(-198) - 1). What is the greatest common factor of h and 147?
147
Suppose -j - 413 + 15 = 0. Let n = j + 428. What is the highest common divisor of n and 105?
15
Let l(y) = 25*y + 118. Let j be l(-20). Let i = 433 + j. Calculate the highest common factor of i and 119.
17
Let g be (112/72)/(4/1044). Calculate the highest common factor of g and 8.
2
Let r = 919 + -103. Let i(n) = -10*n + 148. Let m be i(10). What is the highest common factor of m and r?
48
Suppose 0 = -405*v + 423*v - 216. What is the highest common factor of 64 and v?
4
Suppose 0 = -9*c + 33 - 15. Suppose -3*d - c*g - 3*g + 25 = 0, 2*d - 22 = 2*g. What is the highest common factor of d and 55?
5
Suppose 160 = 1172*q - 1168*q. Suppose 37*t - q*t + 72 = 0. Calculate the greatest common factor of t and 396.
12
Suppose 5*z = -l + 23 + 11, 0 = l + 3*z - 30. Suppose 10*x - 4*x = l. Let o be x - 0 - (-3 + 1 + 1). Calculate the greatest common factor of 5 and o.
5
Let o be 245*(16/(-5) - -4). Let k(j) = -j**2 + 157*j - 732. Let g be k(152). What is the greatest common divisor of o and g?
28
Suppose -73*h - h = 32*h - 73140. Calculate the highest common divisor of 390 and h.
30
Let y = 315 + -226. Let s = y + -37. Calculate the highest common divisor of s and 4.
4
Suppose 5 = 96*p - 95*p. Suppose -q - p*d - 14 = 0, 6*d - 34 = -5*q + 7*d. Calculate the greatest common divisor of q and 12.
6
Let t(y) = 2833*y**2 - y + 1. Let k be t(-1). Calculate the highest common divisor of k and 81.
81
Let y(g) = -2*g**2 + 7*g + 15. Let b be y(0). Let j(h) = 126*h - 147. Let a be j(7). What is the greatest common factor of b and a?
15
Suppose -q - 3 = -25. Suppose 17*u + 35 = q*u. Let y be (6 - 5 - 6)/((-4)/28). What is the greatest common divisor of y and u?
7
Let z(l) = 134*l**2 - l. Let m be z(-1). Let v(t) = -6*t**2 - 59*t + 25. Let w be v(-10). Let q be m - w - 2/2. What is the highest common factor of q and 17?
17
Let k = -747 + 565. Let i = -110 - k. Calculate the highest common divisor of i and 9.
9
Let c(j) = -2*j. Let f be c(-1). Suppose v = -f*v + 51. Suppose -5*h - 22*h - 59*h + 11696 = 0. What is the greatest common factor of h and v?
17
Let z = 342 + 121. Let m = z + -208. Suppose -3*r + m = -0*r. Calculate the highest common divisor of 17 and r.
17
Let n(i) = i**3 - 6*i**2 + 7*i - 15. Let u = 675 + -669. Let c be n(u). What is the greatest common divisor of 1161 and c?
27
Let w(s) = 10*s + 162. Let k be w(-16). Suppose -k*a + 626 = 4*n, -784 = 4*n - 9*n - 4*a. What is the highest common factor of n and 52?
52
Let c be ((-45)/(-18))/(14/28) - 62/(-2). What is the highest common factor of 8163 and c?
9
Let r be 2/5 - 17/5. Let i(c) = -8*c - 2. Let k be i(r). Let q be 728/91 + 49/(-5) + 3124/55. Calculate the highest common factor of q and k.
11
Let c be 1/9 + (-17814)/(-54). Suppose 8*p = 3*p + c. Calculate the highest common factor of 18 and p.
6
Suppose 3*q - 4*c + 309 = -0*q, 4*q = -3*c - 387. Let g = -42 - q. Let f = 72 - g. Calculate the highest common divisor of f and 5.
5
Let a = -171 - -116. Let d = 59 - a. Calculate the greatest common factor of d and 76.
38
Suppose 4*c - 2*n - 22818 = 0, 5*c + 1913 = n + 30440. What is the greatest common divisor of 36 and c?
18
Suppose -4649 = 33*n - 16199. Suppose n - 359 = -q. Calculate the highest common divisor of q and 153.
9
Suppose 5*t - 8925 = -2*y + 3764, 5*t + 19071 = 3*y. Calculate the greatest common divisor of 16 and y.
16
Suppose -42*f - 3696 = -90*f. What is the highest common factor of f and 35?
7
Suppose 0 = b + b - 16. Suppose 0 = 5*r + l + 263, 3*l = 5*r + 84 + 167. Let s = -24 - r. What is the highest common divisor of s and b?
4
Let d = 37 + -35. Let m be 5/(-1)*(-4)/8*d. Suppose 23 = m*v - 52. Calculate the highest common divisor of v and 15.
15
Let l = 6 + -4. Suppose -3*j = 4*i - 1264, -5*j = i - l*i - 2122. Let t = j + -200. Calculate the greatest common divisor of 28 and t.
28
Let s = -458 + 464. Suppose 2*w + 1746 = 2*c, -s*c + 5*w + 3495 = -2*c. What is the highest common divisor of 30 and c?
30
Suppose 2*p - 18*p = -55*p + 3822. What is the greatest common divisor of p and 3577?
49
Let h be (0*(-8)/(-40))/(-2). Suppose h = 5*g - 154 + 49. What is the highest common factor of g and 3?
3
Suppose 9*t = 4*t + 760. Let o = -2688 + 2696. What is the greatest common divisor of t and o?
8
Let k be 590/(-35)*-7*((-21)/(-6) + -3). What is the highest common divisor of 10 and k?
1
Suppose -10 = 5*q - 0*q. Let g(z) be the second derivative of -7*z**3/6 - 5*z**2/2 - 295*z + 2. Let y be g(q). Calculate the highest common divisor of 6 and y.
3
Let s be 1 + (-10)/14 + (-780)/(-455). Suppose 2*i - 3*x = 0, -i + 3*x = -s*i - 18. Let g be (-24)/i + -2 + 75. Calculate the highest common factor of g and 11.
11
Let v(w) = 3*w**2 - 73*w + 372. Let f be v(18). What is the greatest common divisor of 670 and f?
10
Let b(m) = -m**3 + 7*m**2 - 14*m - 77. Let j be b(-6). Let w(o) = -3*o + 4. Let d be w(-7). What is the greatest common divisor of j and d?
25
Suppose -7*c + 1030 = -1693. Suppose -5*v + 0*j + 660 = -j, -3*v + 2*j + c = 0. Calculate the highest common divisor of 38 and v.
19
Suppose -8*q = -604 - 484. Let n = -96 + q. Let l be n/6 - 7/(-21). What is the highest common factor of 7 and l?
7
Let w be 12112/168 + 3 + 16/(-168). What is the greatest common divisor of 28425 and w?
75
Let o be ((-36)/48)/((-3)/(-7